a) = a**2 + 2*a - 1. Suppose -5*j = 2*n + 19 - 3, -5*j + 2 = -4*n. Let i = -1 - j. What is the units digit of h(i)?
2
Let p(h) = -h**2 + 22*h + 28. Let l be p(23). Suppose 0*g + l*g = v + 940, -564 = -3*g + 2*v. What is the hundreds digit of g?
1
Let n = -105 - -181. Suppose 5*w + 3*a - 12 = 0, -8 = -0*w + w - 2*a. Suppose -5*i = -2*x - 0*i + 29, 3*x - i - n = w. What is the tens digit of x?
2
Suppose -6*v - 4*v + 17630 = 0. What is the thousands digit of v?
1
Let w be -2*3*8/(-6). Let a be 0/(w/((-12)/(-3))). Suppose a = 4*h - 119 + 15. What is the units digit of h?
6
Let r(s) = 294*s**2 - s + 3. What is the hundreds digit of r(2)?
1
Let s = -8 + 8. Let o be -3*(1 - s) + 0. Let n(h) = 2*h**2 - 6*h - 5. What is the units digit of n(o)?
1
Let f = 1852 - -777. What is the hundreds digit of f?
6
Let n = -720 - -1834. What is the hundreds digit of n?
1
Let r = -170 - -88. Let f = 140 + r. What is the tens digit of f?
5
Suppose 5*b - 40 = -15. Suppose 0*s = 2*s + b*n, 0 = 2*s + 2*n - 6. Suppose 46 = s*u + 4*f, 6 = u - 2*u + 3*f. What is the units digit of u?
6
Suppose -2*j - 212 = -4*b - 5*j, 2*j + 242 = 5*b. Let q = -41 + b. What is the units digit of q?
9
Let d = -35 - -294. What is the hundreds digit of d?
2
What is the units digit of 632/(-14)*126/(-18)?
6
Let q = -9 + 6. Let t = 1 - q. Suppose t*j = -0*j + 16. What is the units digit of j?
4
Let l(k) = 2*k**3 - 5*k - 9. Let i be l(-4). Let j = i + 216. What is the units digit of j?
9
Let m(z) = -z**2 - 9*z - 1. Let i be m(0). What is the tens digit of (3/2)/((6/(-544))/i)?
3
Let d(p) = 2*p**3 - 3*p**2. Let o be d(2). Suppose 0 = -o*m + q + 4*q - 282, 4*m - 4*q = -284. Let w = -41 - m. What is the tens digit of w?
3
Let k = 595 + -54. What is the hundreds digit of k?
5
Suppose -4*n = -s - 0*s + 239, 0 = -5*n + 3*s - 297. Suppose -3*y - 152 = y. Let m = y - n. What is the units digit of m?
2
Let x(v) = 2*v + 5 - 4*v - 4*v**3 + 6*v**2 + 0*v - 9*v**2. What is the tens digit of x(-4)?
2
Let s be 333/(-18) + (-2)/(-4). Let z be (s/(-4))/(18/24). Suppose -a + z = -22. What is the tens digit of a?
2
Let q be ((2 - 2) + 60)/1. Let d = 115 - q. Suppose t + d = 3*i - 2*i, i = 4*t + 46. What is the units digit of i?
8
Suppose 5*w + 3*f - 24 = 0, -2*w + 17 - 3 = -f. Let u = w + -15. What is the tens digit of (u/6)/((-2)/44)?
3
Suppose 15*g - 13*g - 486 = 0. What is the tens digit of g?
4
Let k(y) = 12*y + 4. Let l = -29 + 31. What is the units digit of k(l)?
8
Let x(s) = -s**2 + 9*s - 20. Let w be x(6). What is the tens digit of (-3)/(260/132 + w)?
9
Let v(u) = -4*u**2 + 13 - 1 + 30*u + 3*u**2 - 4. What is the tens digit of v(23)?
6
Let s(d) = -3 - 1 - 13*d + 16*d. Suppose 7*r - 56 = 3*r. What is the tens digit of s(r)?
3
Suppose 0 = -2*a + 290 + 5968. What is the units digit of a?
9
Let v(k) = -2*k**3 - 2*k**2 + 3*k - 2. Let f be v(-3). Let w be ((-40)/f)/(2/(-110)). What is the tens digit of 2216/w - (-2)/(-11)?
2
Let p(n) = 76*n**2 - 27*n + 12. What is the units digit of p(5)?
7
Let r be (-12 - -10)*(-34)/(-4). Let m = 54 + r. Suppose m = 4*u - 83. What is the tens digit of u?
3
What is the thousands digit of (20 - -1062) + 4/2?
1
Suppose -4*r = 3*c - 3718, 5*r = 3*c - 2346 - 1417. What is the tens digit of c?
4
Suppose 0*n + 14 = -2*f - 4*n, 0 = -4*f - 3*n - 33. Let v be -4*((f - -1) + 4). Suppose 0 = -m + v - 5. What is the tens digit of m?
1
Let q = -4 - 0. Suppose 2*b = d + 23, -5*d = b - 5*b + 43. What is the units digit of ((-15)/q)/(b/64)?
0
Let x(j) = 9*j - 1. Let u be x(1). Suppose 0 = -3*w + 54 - 138. What is the tens digit of (1 - 18/u)*w?
3
Suppose -7496 = -10*x - 466. What is the units digit of x?
3
Let j(l) = l**2 + 21*l - 102. What is the tens digit of j(19)?
5
Let c(r) = 295*r - 90. What is the units digit of c(3)?
5
Let d be (-2)/((-5)/20 + 0). Suppose -55 = -d*n + 281. What is the tens digit of n?
4
Suppose -3*v - 11 = -2*r + 2*v, -v - 7 = -2*r. Suppose -4*k - k - 4*d = -512, -r = -d. What is the tens digit of k?
0
Suppose 5*m = 3*m + 48. What is the tens digit of -2*(-4)/m*54?
1
Let j(z) = z**3 - 5*z**2 - 5*z - 2. Let g be j(6). Suppose 0*x - 54 = -t + 4*x, g*x + 252 = 4*t. Suppose 5*m = t - 1. What is the tens digit of m?
1
Let h(q) = -q**3 - 7*q**2 + 3*q - 8. What is the tens digit of h(-10)?
6
Suppose -u - 4*w = -18, -3*u - 2*w = -3*w - 41. What is the tens digit of 220/u - 4/(-14)?
1
Let z(k) = 3*k**2 - 3*k + 2. Let g be z(1). Suppose g*m - 3*v - 30 = 5*m, -5*m + 4*v - 50 = 0. What is the units digit of (-5)/25 - 562/m?
6
Let v(h) = 21*h**2 + h - 20. What is the thousands digit of v(8)?
1
Suppose -5*q + 68 = 58. What is the hundreds digit of (q/(-5))/((-30)/3775)*3?
1
Let a = 1 + 4. Suppose -2*q - 292 = -a*w, 0 = -w - 2*w + 4*q + 178. What is the units digit of w?
8
Let l = 51 - 13. Let w = l + -26. What is the tens digit of w?
1
Let i(o) = 79 - 40 - 61 - 2*o. What is the units digit of i(-14)?
6
Let g = -68 + 505. What is the hundreds digit of g?
4
Suppose 3*q = -4*n + 16, -2*q - 12 = q - 3*n. Let t be q + 0 + 2 + 7. Suppose k = -4*r + 28, -2*r - t = -5*k - 45. What is the units digit of r?
8
Let h(z) = -2*z**2 - 11*z + 2987. What is the tens digit of h(0)?
8
Let m(v) = -v**3 - 9*v**2 - 10*v - 10. Let s be m(-10). Let b = -72 + s. What is the tens digit of b?
1
Let k be (8/10)/(20/50). What is the tens digit of (0 + 28)/k*2?
2
What is the hundreds digit of 1/1*19053/87?
2
Let p(c) be the first derivative of 13*c**2 - 7*c - 43. What is the hundreds digit of p(6)?
1
Suppose 4134 = 3*v - 2*d, -3*v + 130*d - 135*d = -4155. What is the tens digit of v?
8
Suppose -f = -2*f + 322. What is the tens digit of -1 + 8/(7/(f/4))?
9
Let s(q) = -3*q - 24. Let b be (-50)/8 + 6 - 142/8. What is the tens digit of s(b)?
3
Let o = -292 - -436. What is the tens digit of o?
4
Let a be 4 + (1 - 3) - 3. What is the units digit of (1 - -2) + (a - -4)?
6
Let a(r) = r**2. Let o = 1 - 24. Let b = o - -17. What is the tens digit of a(b)?
3
Suppose -13101 - 10611 = -38*h. What is the hundreds digit of h?
6
Suppose -2*c = 3 - 13. Suppose -2*b + j = -0*b - 9, 0 = 5*b + c*j - 15. Suppose -5*r + 1 = -b*r. What is the units digit of r?
1
Let n(x) = -22*x - 2. Let u = -20 + 19. Let m be n(u). Suppose k - 93 = -k + 3*o, 4*o = -m. What is the units digit of k?
9
Suppose -10*w = 5*w - 1215. Let i = w + 44. What is the units digit of i?
5
Let s be 1 - 2/((-4)/(-2)). Suppose 0 = -s*r - r + 38. Let k = r + -25. What is the units digit of k?
3
Suppose 15*d = -4*v + 16*d + 3265, -4*v + 5*d + 3253 = 0. What is the hundreds digit of v?
8
Let g(y) = 2*y. Let p(n) = -n + n - 4 + 2*n. Let s be p(3). What is the units digit of g(s)?
4
What is the tens digit of (-14)/(-21) + 5169/9?
7
Let s(i) = 715*i**2 + 5*i + 3. What is the units digit of s(1)?
3
Suppose -2*h + 10 = 0, -5*k = -0*k - 5*h + 30. Let j(c) = -239*c - 1. Let p be j(k). Suppose 3*g - p + 94 = 0. What is the units digit of g?
8
Let h(y) = -y**2 - 10*y + 7. Let n be h(-9). Suppose 3 = 5*a + 43. What is the units digit of 722/n + a/64?
5
Suppose 3 = -3*j, 0*h - 2*j + 526 = 4*h. What is the units digit of h?
2
Suppose -52 = -l - 3*l. Suppose -l = -3*q - c, 2*q = 3*c - 1 + 6. Suppose j = -3 + q. What is the units digit of j?
1
Suppose 3*h = 4*q - 451, -2*q - 106 = 4*h - 326. What is the tens digit of 429/7 - 32/q?
6
Let r = -98 + 1067. What is the hundreds digit of r?
9
Let h be (-18)/(-6)*(3 - (-14)/(-6)). Suppose o = -2*v + 195, 393 = 2*v + h*v + 3*o. What is the units digit of v?
6
Let b(a) = -246*a + 390. What is the tens digit of b(-13)?
8
Suppose -4*q = 4*i - 16, -q + 5*i - 11 = 3*q. Suppose -4*z = 3 + 9, 4*f + z = q. Suppose 2*x = -f + 67. What is the tens digit of x?
3
Let t = 6 - 2. Suppose -5*p = 3*x + 147, t = -0*x + 4*x. Let y = p - -50. What is the units digit of y?
0
Let u = 806 + -567. What is the hundreds digit of u?
2
Let f(b) = b**3 + 10*b**2 + 16*b - 21. What is the units digit of f(-7)?
4
What is the tens digit of (-20)/25 + 755965/175?
1
Suppose -5*m + 5 = 0, 2*p - 9 = -2*m + 1923. What is the units digit of p?
5
Let m = 9 - -14. Suppose 3*c + 2 = 2*c. Let k = m + c. What is the tens digit of k?
2
Let t(s) = 2*s**2 + 39*s - 320. What is the thousands digit of t(23)?
1
Suppose -7 = u - 2. What is the tens digit of (-222)/(-5) - (-2)/u?
4
Suppose 9